Let b(r) = 2*r**2 + 292*r - 4014. What is b(13)?
120
Let u(t) = 72*t**2 - 3026*t + 50. Calculate u(42).
-34
Let p(i) = -i**2 - 1503*i - 22342. Determine p(-15).
-22
Let r(s) = s**3 + 319*s**2 + 12799*s + 4078. Give r(-272).
-2
Let n(j) = -2*j**3 + 1195*j**2 - 1712*j - 45300. What is n(596)?
-4
Let r(z) = 6*z**2 + 596*z - 11966. What is r(20)?
2354
Let k(l) = -4*l**3 - 163*l**2 + 52*l + 16. What is k(-41)?
-435
Let f(p) = p**3 + 448*p**2 - 32768*p + 13. Give f(64).
13
Let w(t) = -2*t**3 - 11*t**2 - 16*t + 98. Give w(-4).
114
Let c(t) = 53326*t - 107338. What is c(2)?
-686
Let m(t) = 5395*t - 453172. Determine m(84).
8
Let b(f) = 228*f**2 - 194*f + 385. Give b(2).
909
Let m(f) = 14*f**3 + 5*f**2 - 7*f + 18. Determine m(2).
136
Let c(o) = -o**3 + 1598*o**2 - 410873*o + 1276. What is c(1276)?
0
Let s(t) = 2*t**3 + 52*t**2 + 118*t - 95. What is s(-23)?
365
Let b(i) = -5*i**3 - 114*i**2 + 567*i + 3. Calculate b(5).
-637
Let l(g) = -7*g**2 - 1392*g - 2267. Calculate l(-197).
294
Let b(w) = 2*w**3 + 94*w**2 + 40*w + 526. Give b(-47).
-1354
Let u(a) = -2*a**3 + 115*a**2 + 63686*a - 373. What is u(-152)?
-69
Let y(j) = -6*j**3 + 282*j**2 - 8*j + 378. What is y(47)?
2
Let u(i) = -2232*i + 533457. Give u(239).
9
Let a(y) = 4063*y - 1499242. What is a(369)?
5
Let k(p) = -21149*p - 3214637. Give k(-152).
11
Let x(h) = 126*h + 3107. Calculate x(-25).
-43
Let f(h) = 1334*h + 184105. Calculate f(-138).
13
Let n(v) = -481180*v + 481206. Give n(1).
26
Let o(g) = -2*g**2 - 111*g + 12217. What is o(58)?
-949
Let f(t) = -5549*t + 1509369. Determine f(272).
41
Let b(y) = 3*y**2 + 14545*y + 43637. Calculate b(-3).
29
Let p(c) = 762*c + 39532. Calculate p(-53).
-854
Let q(c) = -c**3 - 35*c**2 + 1451*c - 845. What is q(24)?
-5
Let q(m) = 3*m**3 - 787*m**2 + 1824*m - 1067. Calculate q(260).
-27
Let u(p) = 8*p**3 - 38*p**2 + 552*p - 3706. Give u(7).
1040
Let p(q) = 52*q**2 - 6476*q + 25076. Calculate p(4).
4
Let w(l) = -974*l + 235901. Calculate w(242).
193
Let f(z) = -12*z**2 - 203*z - 309. Determine f(-15).
36
Let q(r) = 289*r**2 + 2601*r + 3. Determine q(-9).
3
Let p(n) = 11171*n - 56474. Calculate p(5).
-619
Let t(i) = 5*i**2 + 114*i + 409. Determine t(-5).
-36
Let n(w) = -112*w + 726. Calculate n(6).
54
Let z(m) = -5*m**2 - 139*m + 576. What is z(-35)?
-684
Let q(v) = -68*v**2 - 10674*v + 267. Calculate q(-157).
-47
Let d(p) = -2*p**2 + 48*p + 558. Give d(-9).
-36
Let d(b) = -7099*b - 14278. Determine d(-2).
-80
Let m(w) = 15*w**2 - 7529*w + 44642. Determine m(6).
8
Let x(n) = -242*n - 44482. What is x(-193)?
2224
Let t(f) = f**3 + 24*f**2 + 81*f + 1031. Determine t(-21).
653
Let h(a) = 8*a**2 + 9014*a + 235409. Give h(-1100).
9
Let d(j) = 48*j**2 - 11001*j + 2084. Determine d(229).
23
Let p(u) = -228720*u - 1601035. Calculate p(-7).
5
Let i(k) = 30*k**2 - 791*k + 3652. Give i(20).
-168
Let w(y) = y**2 - 542*y - 27684. Give w(-47).
-1
Let n(w) = -2*w**3 - 33*w**2 + 9033*w + 6. What is n(0)?
6
Let j(f) = 438*f - 11883. Give j(27).
-57
Let g(h) = -290*h**2 - 163*h - 164. Calculate g(-1).
-291
Let r(h) = -53616*h - 2144681. Determine r(-40).
-41
Let y(k) = -385*k + 184042. Give y(478).
12
Let b(g) = -1742*g + 26226. Calculate b(15).
96
Let n(o) = -o**3 + 44*o**2 + 160*o + 360. Calculate n(48).
-1176
Let l(g) = g**2 - 60431*g + 2355298. Determine l(39).
10
Let a(l) = -495*l - 154. Calculate a(-1).
341
Let n(a) = 21*a**3 - 10*a**2 + 3290*a - 6574. What is n(2)?
134
Let d(x) = -3784*x + 11211. Determine d(3).
-141
Let h(o) = 10109*o + 2092587. Calculate h(-207).
24
Let w(u) = 2682*u + 68. What is w(0)?
68
Let d(f) = -f**3 - 37*f**2 + 1785*f + 66584. Calculate d(-39).
11
Let z(x) = -136*x**3 + 18*x**2 - 27*x - 44. What is z(-1)?
137
Let r(q) = q**2 - 951*q + 14068. Give r(15).
28
Let g(k) = 7*k**3 - 20*k**2 + 306*k - 588. What is g(2)?
0
Let i(h) = -h**3 + 9*h**2 + 155*h - 756. Calculate i(-11).
-41
Let d(h) = 169*h**2 + 724*h + 550. Give d(-1).
-5
Let b(r) = -2144*r - 180088. Calculate b(-84).
8
Let q(m) = 9742*m - 77937. Give q(8).
-1
Let f(q) = -17*q**3 - 628*q**2 - 1794*q - 3197. Determine f(-34).
-1
Let q(r) = 239*r**2 - 682*r + 77. What is q(3)?
182
Let r(p) = 30*p**3 - 17*p**2 - 239*p + 238. Determine r(1).
12
Let q(u) = -u**2 - 51*u - 554. Give q(-15).
-14
Let z(m) = -1797*m + 23941. Determine z(13).
580
Let o(m) = -682*m - 3379. Give o(-5).
31
Let q(w) = -w**2 - 9*w + 2759. Determine q(-57).
23
Let g(y) = -2*y**3 - 21*y**2 - 206*y - 2113. Calculate g(-10).
-153
Let p(u) = -u**3 - 37*u**2 - 272*u - 406. What is p(-28)?
154
Let y(n) = -19*n**2 - 3868*n + 32150. Give y(8).
-10
Let i(j) = j**3 - 28*j**2 - 1324*j + 263. Calculate i(53).
316
Let x(s) = s**3 - 10*s**2 - 3951*s + 43335. Calculate x(11).
-5
Let w(p) = 9*p**2 - 801*p - 254. Calculate w(89).
-254
Let i(n) = n**2 - 11711*n - 777273. Determine i(-66).
9
Let a(l) = -4792*l - 215632. Give a(-45).
8
Let l(c) = 1519*c - 15285. Determine l(10).
-95
Let f(s) = -8*s**3 - 12*s**2 + 66*s - 63. Calculate f(5).
-1033
Let g(b) = b**3 + 81*b**2 + 1663*b + 953. Calculate g(-41).
10
Let n(v) = 1619*v - 489195. Determine n(302).
-257
Let b(z) = z**2 - 11888*z + 3577913. Calculate b(309).
2
Let z(b) = -3*b**2 - 635*b - 6022. Give z(-10).
28
Let q(d) = 34*d**3 - 296*d**2 - 100*d + 84. Determine q(9).
-6
Let d(w) = w**2 - 1547*w + 420639. Calculate d(352).
-1
Let i(l) = -2*l**3 - 102*l**2 - 82*l - 4197. What is i(-51)?
-15
Let w(t) = -2665*t - 57069. What is w(-21)?
-1104
Let r(u) = -31*u**2 - 1504*u - 329. Determine r(-46).
3259
Let r(u) = 420*u**3 + 3*u**2 - 15*u + 11. Determine r(0).
11
Let c(o) = -3*o**3 - 749*o**2 + 685*o + 294566. Calculate c(-249).
-1
Let h(o) = -o**2 - 87*o - 2179. Give h(-41).
-293
Let d(k) = 9*k**3 + 122*k**2 + 119*k - 2. Give d(-1).
-8
Let f(m) = -165896*m + 24386711. Determine f(147).
-1
Let j(z) = 10*z**3 + 70*z**2 + 90*z - 2. What is j(-6)?
-182
Let m(x) = -5*x**2 - 173*x - 291. Determine m(-36).
-543
Let h(u) = -15189*u + 45343. Determine h(3).
-224
Let d(g) = -255*g + 82872. Calculate d(325).
-3
Let p(m) = -93*m**2 - 1948*m - 674. What is p(-21)?
-779
Let n(j) = 851*j**2 - 8511*j + 2. Determine n(10).
-8
Let q(w) = 94*w**2 + 63*w - 178. Determine q(4).
1578
Let m(c) = -463*c**3 - 5*c**2 + 40*c + 39. Determine m(-1).
457
Let v(s) = -s**3 - 38*s**2 - 379*s - 313. Determine v(-30).
3857
Let k(q) = -q**2 - 82*q + 5174. Give k(47).
-889
Let g(f) = -6104*f**2 + 85452*f - 9. What is g(14)?
-65
Let l(t) = 45*t**3 - 239*t**2 + 63*t - 4. Calculate l(5).
-39
Let m(w) = 2*w**3 - 108*w**2 + 564*w + 571. Give m(48).
-5
Let z(v) = -25*v + 533. Calculate z(33).
-292
Let s(o) = -3*o**3 + 32*o**2 - 148*o + 332. Determine s(5).
17
Let w(k) = 25*k + 4468. What is w(-138)?
1018
Let i(s) = 40596*s**2 + 81193*s - 4. Determine i(-2).
-6
Let q(w) = 65*w**2 - 756*w - 273. Calculate q(12).
15
Let o(q) = -2*q**3 + 16*q**2 + 79*q - 79. Give o(11).
64
Let x(b) = -b**3 - 620*b**2 + 31315*b - 22678. Give x(-667).
0
Let h(m) = -2*m**2 + 148*m + 3865. What is h(-23)?
-597
Let t(g) = 10*g**2 + 310*g - 3671. What is t(9)?
-71
Let j(g) = 4660*g + 69708. What is j(-15)?
-192
Let d(o) = -757*o**2 + 3*o - 30. Calculate d(0).
-30
Let v(s) = 841*s**2 - 188*s - 194. What is v(-1)?
835
Let r(o) = -8364*o - 25054. Calculate r(-3).
38
Let w(c) = c**3 + 60*c**2 + 35*c + 1635. Calculate w(-60).
-465
Let k(r) = -17514*r - 2486977. What is k(-142)?
11
Let x(d) = d**2 - 2562*d - 313438. Give x(-117).
5
Let r(c) = -4975*c + 64647. Determine r(13).
-28
Let r(h) = 2*h**3 + 14*h**2 + 28*h - 68. Give r(3).
196
Let h(i) = -92*i**2 - 3020*i - 15143. Calculate h(-5).
-2343
Let w(h) = -5896*h + 117861. Calculate w(20).
-59
Let f(a) = -a**2 + 1410*a - 31914. Calculate f(23).
-13
Let x(l) = -l**2 - 3839*l + 77170. What is x(20)?
-10
Let i(r) = -2*r**3 + 3*r**2 + 3565*r + 146. Give i(43).
-26
Let o(c) = 1330*c - 5376. Determine o(4).
-56
Let s(h) = h**3 - 63*h**2 - 1459*h + 179. Give s(81).
98
Let k(i) = -i**2 + 76*i + 2094. What is k(105)?
-951
Let g(h) = -12795*h - 2034407. What is g(-159)?
-2
Let k(n) = 388*n + 14119. Give k(-36).
151
Let d(r) = 10*r**2 + 337*r - 16. Determine d(-9).
-2239
Let y(c) = 187*c**2 - 10422*c - 2795. Determine y(56).
5
Let u(n) = 23*n**2 - 651*n - 2965. What is u(-4)?
7
Let r(d) = -32731*d - 5433301. What is r(-166)?
45
Let